7 (base 10) in base 15?
-7
Convert -44 (base 10) to base 6.
-112
Convert a (base 11) to base 4.
22
What is 0 (base 2) in base 16?
0
-5 (base 10) to base 4
-11
Convert 1 (base 2) to base 15.
1
Convert 16 (base 13) to base 12.
17
Convert -2 (base 12) to base 16.
-2
11111 (base 2) to base 9
34
What is -2 (base 10) in base 14?
-2
Convert -1 (base 3) to base 16.
-1
102 (base 5) to base 12
23
Convert 3 (base 5) to base 4.
3
0 (base 3) to base 5
0
1 (base 11) to base 9
1
-32 (base 4) to base 7
-20
What is 16 (base 8) in base 3?
112
-1001 (base 3) to base 15
-1d
2 (base 11) to base 2
10
1 (base 6) to base 2
1
-28 (base 15) to base 16
-26
What is -2231 (base 4) in base 11?
-148
Convert 265 (base 9) to base 11.
191
What is 1533 (base 6) in base 15?
1cc
Convert -50 (base 13) to base 11.
-5a
What is 35 (base 10) in base 5?
120
What is 23 (base 12) in base 15?
1c
3312 (base 4) to base 8
366
Convert -10 (base 6) to base 7.
-6
Convert 233 (base 4) to base 5.
142
Convert -3 (base 14) to base 15.
-3
What is -27 (base 10) in base 7?
-36
-e8 (base 15) to base 8
-332
Convert 47 (base 9) to base 11.
3a
What is 11 (base 3) in base 13?
4
6 (base 7) to base 11
6
What is 5 (base 6) in base 12?
5
What is 2a (base 15) in base 4?
220
Convert -10 (base 15) to base 6.
-23
Convert -53 (base 6) to base 10.
-33
Convert 111 (base 5) to base 11.
29
What is 68 (base 9) in base 6?
142
2041 (base 5) to base 9
331
What is 1 (base 5) in base 14?
1
Convert 0 (base 4) to base 11.
0
What is 32 (base 11) in base 6?
55
1 (base 5) to base 7
1
What is 14 (base 5) in base 15?
9
-51 (base 10) to base 12
-43
What is 31 (base 6) in base 14?
15
Convert -621 (base 8) to base 15.
-1bb
Convert -9 (base 10) to base 15.
-9
What is -11010 (base 3) in base 4?
-1233
Convert -10 (base 3) to base 10.
-3
Convert 3 (base 15) to base 6.
3
-10101 (base 2) to base 5
-41
-3 (base 8) to base 7
-3
What is 2 (base 7) in base 16?
2
What is 19 (base 15) in base 16?
18
Convert -21 (base 3) to base 15.
-7
302 (base 4) to base 7
101
What is 1c (base 13) in base 4?
121
Convert -6 (base 9) to base 3.
-20
What is 10100 (base 2) in base 12?
18
Convert -1022 (base 3) to base 15.
-25
Convert 17 (base 11) to base 7.
24
What is -155 (base 14) in base 10?
-271
13 (base 6) to base 5
14
What is 111 (base 3) in base 8?
15
d (base 16) to base 8
15
What is 10 (base 14) in base 13?
11
What is 1140 (base 5) in base 2?
10101010
What is -2 (base 9) in base 8?
-2
What is -272 (base 8) in base 3?
-20220
32 (base 8) to base 9
28
What is 0 (base 16) in base 4?
0
-1 (base 13) to base 11
-1
0 (base 16) to base 2
0
-8e (base 16) to base 13
-ac
Convert -75 (base 9) to base 11.
-62
9 (base 16) to base 8
11
Convert -10 (base 3) to base 16.
-3
What is -5 (base 8) in base 5?
-10
Convert -2 (base 5) to base 16.
-2
Convert 45 (base 10) to base 15.
30
What is -112 (base 7) in base 9?
-64
What is -116 (base 7) in base 2?
-111110
Convert 15 (base 7) to base 6.
20
Convert -3201 (base 4) to base 6.
-1013
What is -35 (base 11) in base 9?
-42
Convert 2 (base 5) to base 6.
2
7 (base 13) to base 11
7
Convert 3 (base 10) to base 11.
3
Convert -15 (base 7) to base 15.
-c
Convert -4 (base 12) to base 14.
-4
1 (base 11) to base 10
1
3 (base 16) to base 3
10
Convert -21 (base 8) to base 6.
-25
What is -2022 (base 5) in base 10?
-262
Convert 6 (base 10) to base 12.
6
Convert -6 (base 14) to base 13.
-6
Convert -29 (base 13) to base 5.
-120
What is 2 (base 16) in base 2?
10
What is -7 (base 12) in base 3?
-21
Convert 14 (base 12) to base 14.
12
a (base 14) to base 9
11
What is 4 (base 12) in base 3?
11
-7 (base 11) to base 5
-12
-121 (base 9) to base 15
-6a
What is 7 (base 16) in base 2?
111
What is -22 (base 10) in base 11?
-20
10 (base 4) to base 11
4
10 (base 2) to base 14
2
0 (base 12) to base 14
0
-2b (base 15) to base 2
-101001
-66 (base 7) to base 9
-53
1 (base 7) to base 14
1
150 (base 9) to base 14
90
-2b (base 12) to base 3
-1022
Convert 122 (base 5) to base 2.
100101
-127 (base 9) to base 14
-78
Convert 4b (base 13) to base 12.
53
-10 (base 3) to base 4
-3
Convert 37 (base 12) to base 6.
111
-14 (base 11) to base 3
-120
Convert 12 (base 7) to base 2.
1001
What is -1000111 (base 2) in base 14?
-51
Convert -11 (base 11) to base 2.
-1100
Convert 0 (base 4) to base 7.
0
-153 (base 6) to base 2
-1000101
-18 (base 12) to base 3
-202
-32 (base 6) to base 7
-26
32 (base 13) to base 2
101001
10 (base 4) to base 7
4
What is -14 (base 9) in base 8?
-15
What is 13 (base 9) in base 6?
20
What is -33 (base 12) in base 13?
-30
What is 46 (base 8) in base 4?
212
-27 (base 13) to base 8
-41
What is 20 (base 3) in base 10?
6
Convert -3 (base 6) to base 13.
-3
-130 (base 7) to base 8
-106
5 (base 12) to base 8
5
19 (base 11) to base 14
16
Convert 2 (base 16) to base 9.
2
95 (base 15) to base 16
8c
What is -13 (base 13) in base 10?
-16
-184 (base 11) to base 13
-135
Convert 3b (base 13) to base 15.
35
13 (base 16) to base 6
31
-1 (base 10) to base 2
-1
What is -307 (base 11) in base 10?
-370
Convert 1 (base 10) to base 6.
1
Convert 111 (base 2) to base 6.
11
What is 11110 (base 2) in base 3?
1010
Convert -168 (base 13) to base 2.
-11111111
-bc (base 13) to base 14
-b1
What is -1 (base 10) in base 13?
-1
What is -1 (base 6) in base 5?
-1
-334 (base 5) to base 11
-86
Convert -84 (base 12) to base 8.
-144
-2 (base 12) to base 4
-2
Convert -61 (base 14) to base 15.
-5a
-1000 (base 2) to base 14
-8
What is 34 (base 6) in base 3?
211
Convert -1 (base 8) to base 10.
-1
Convert 1 (base 8) to base 12.
1
What is 8 (base 16) in base 9?
8
What is 1001100 (base 2) in base 16?
4c
-3 (base 14) to base 8
-3
-77 (base 9) to base 14
-50
Convert -c (base 13) to base 4.
-30
1122 (base 3) to base 6
112
Convert 3 (base 9) to base 13.
3
Convert 3 (base 15) to base 16.
3
What is 30 (base 11) in base 5?
113
What is 17 (base 16) in base 8?
27
Convert af (base 16) to base 3.
20111
100 (base 2) to base 3
11
What is 100 (base 6) in base 11?
33
What is 24b (base 13) in base 5?
3101
Convert 3 (base 5) to base 6.
3
6 (base 12) to base 2
110
Convert -7 (base 10) to base 15.
-7
-8 (base 11) to base 5
-13
Convert -121 (base 8) to base 14.
-5b
Convert -12 (base 3) to base 6.
-5
What is 4 (base 16) in base 6?
4
What is 22 (base 8) in base 11?
17
What is 4 (base 10) in base 12?
4
Convert 11 (base 2) to base 7.
3
Convert -42 (base 8) to base 12.
-2a
Convert -2 (base 16) to base 11.
-2
12 (base 4) to base 2
110
What is 1 (base 11) in base 4?
1
What is 7 (base 10) in base 7?
10
What is 18 (base 16) in base 11?
22
Convert 2 (base 3) to base 13.
2
What is 14 (base 5) in base 11?
9
What is 1 (base 14) in base 2?
1
What is -5 (base 6) in base 8?
-5
What is 3 (base 4) in base 10?
3
Convert -42 (base 5) to base 8.
-26
What is 3 (base 15) in base 2?
11
1010 (base 2) to base 11
a
Convert 10000011 (base 2) to base 13.
a1
Convert 10 (base 3) to base 4.
3
Convert 0 (base 4) to base 15.
0
Convert 4 (base 9) to base 12.
4
What is -4 (base 16) in base 15?
-4
What is -b (base 14) in base 4?
-23
What is 2 (base 9) in base 8?
2
d (base 16) to base 5
23
Convert -48 (base 12) to base 4.
-320
101121 (base 3) to base 5
2121
Convert 103 (base 4) to base 9.
21
What is -71 (base 8) in base 10?
-57
What is 143 (base 7) in base 12?
68
Convert 301 (base 6) to base 13.
85
-9 (base 14) to base 13
-9
5 (base 8) to base 15
5
Convert -8 (base 12) to base 16.
-8
What is 1 (base 11) in base 9?
1
16 (base 8) to base 6
22
Convert 2 (base 6) to base 4.
2
What is 6 (base 10) in base 9?
6
What is 22 (base 12) in base 4?
122
5 (base 16) to base 10
5
What is -20 (base 15) in base 10?
-30
What is -34 (base 13) in base 3?
-1121
4 (base 15) to base 8
4
3 (base 15) to base 11
3
1 (base 12) to base 6
1
-110 (base 13) to base 10
-182
-15 (base 8) to base 7
-16
112 (base 7) to base 11
53
What is -4 (base 11) in base 3?
-11
Convert -6 (base 16) to base 4.
-12
-54 (base 6) to base 8
-42
Convert 18 (base 14) to base 16.
16
Convert -101 (base 7) to base 3.
-1212
Convert -7 (base 8) to base 2.
-111
15 (base 9) to base 11
13
Convert 3 (base 6) to base 3.
10
What is -6 (base 16) in base 5?
-11
What is -20 (base 10) in base 6?
-32
What is -9 (base 13) in base 16?
-9
-12 (base 9) to base 14
-b
What is 111 (base 3) in base 12?
11
Convert 30 (base 4) to base 16.
c
-2